**3 - 9*u**2 - 12*u - 5. Determine i(10).
-25
Let l(w) = -w**3 - 10*w**2 + 8*w - 14. Determine l(-11).
19
Let f(i) = i**3 + 5*i**2 - 18*i - 8. Calculate f(-7).
20
Let x(i) = i**2 - i - 35. Give x(6).
-5
Let w(i) = -i**2 - 13*i - 8. Give w(-12).
4
Let l(n) = -n**3 - 4*n**2 - 5*n - 5. Determine l(-4).
15
Let a(t) = 4*t**3. Determine a(1).
4
Let j(n) = -4*n - 15. Determine j(-9).
21
Let j(l) = -l**3 - 5*l**2 + 6*l - 5. What is j(-6)?
-5
Let k(z) = -122*z - 375. Determine k(-3).
-9
Let j(p) = 3*p - 6. Determine j(3).
3
Let o(t) = 4*t - 4. Determine o(9).
32
Let k(f) = -17*f**2 + 200*f + 51. Give k(12).
3
Let m(n) = 6*n**2 - 8. What is m(2)?
16
Let p(o) = -o**3 - o**2 + 17*o + 28. Give p(-4).
8
Let b(o) = 4*o - 26. Calculate b(5).
-6
Let q(h) = -2*h**2 + 2*h + 1. Determine q(-1).
-3
Let x(q) = -q + 2. Determine x(12).
-10
Let g(f) = 91*f + 1361. Determine g(-15).
-4
Let q(g) = -g**2 - 17*g + 111. Give q(5).
1
Let o(s) = -s**2 - 18*s + 2. What is o(-15)?
47
Let p(h) = -h**2. Calculate p(1).
-1
Let n(l) = 42*l + 4. Determine n(-1).
-38
Let p(x) = -x**3 - 46*x**2 + 94*x - 85. Determine p(-48).
11
Let l(r) = -r**2 + 3*r + 2. Give l(-2).
-8
Let z(l) = -l**2 - 2*l - 6. Give z(-3).
-9
Let o(p) = -5*p - 85. Give o(-18).
5
Let g(y) = -y**2 - 17*y - 38. Determine g(-6).
28
Let p(t) = t**2 - 7*t - 23. Determine p(10).
7
Let q(y) = -2*y**2 - 12*y - 12. Give q(-6).
-12
Let j(p) = -p**3 + 8*p**2 + 12*p - 21. What is j(9)?
6
Let n(f) = f**3 - 3*f**2 - 2*f. Give n(-2).
-16
Let v(s) = -10*s - 153. Give v(-23).
77
Let b(k) = k**3 - 21*k**2 - 21*k - 4. What is b(22)?
18
Let w(a) = a**3 + 6*a**2 - 7*a + 6. Give w(-7).
6
Let k(d) = 5*d + 4. Calculate k(-7).
-31
Let b(v) = 3*v + 35. Give b(-8).
11
Let r(v) = v**3 - 32*v**2 + 32*v - 26. Give r(31).
5
Let r(q) = 4*q - 17. Determine r(-11).
-61
Let r(u) = -4*u + 40. Give r(-5).
60
Let b(u) = u**3 - 11*u**2 + 11*u - 21. What is b(10)?
-11
Let f(j) = 3*j**3 - 50*j**2 - 17*j + 6. What is f(17)?
6
Let k(g) = 19*g - 117. What is k(5)?
-22
Let k(m) = -3*m + 106. Give k(35).
1
Let c(l) = l**3 + l**2 + l - 3. Calculate c(2).
11
Let h(v) = -161*v + 1607. Calculate h(10).
-3
Let w(f) = f**2 - 10*f + 5. Give w(9).
-4
Let p(z) = -z**2 + 13*z + 5. What is p(14)?
-9
Let i(v) = -7*v - 42. Calculate i(-3).
-21
Let j(f) = 3*f - 17. Calculate j(7).
4
Let s(r) = r**3 - 4*r**2 - 7*r - 1. Determine s(5).
-11
Let j(y) = -y**2 - 7*y - 2. Calculate j(-6).
4
Let f(s) = -s**3 + 19*s**2 - 20*s - 12. What is f(18)?
-48
Let m(r) = r**2 + 82. Calculate m(0).
82
Let n(c) = -13*c - 11. What is n(-2)?
15
Let a(k) = k - 4. Calculate a(15).
11
Let c(j) = -3*j**3 + 8*j**2 + 10. Calculate c(3).
1
Let p(n) = -2*n**3 - 12*n**2 - 7*n - 58. What is p(-6)?
-16
Let i(r) = r**2 - 20*r + 133. What is i(9)?
34
Let m(l) = l**2 + 23*l + 127. Calculate m(-13).
-3
Let z(v) = v + 2. Determine z(-4).
-2
Let w(u) = -u**3 - 10*u**2 - 10*u - 4. Give w(-9).
5
Let r(g) = -g**2 + 5*g + 8. Calculate r(5).
8
Let f(m) = m**3 - 6*m**2 + 2*m + 9. What is f(3)?
-12
Let z(v) = -v**3 - 2*v**2 - 2*v + 11. Calculate z(-4).
51
Let d(t) = -t**2 + t + 15. What is d(0)?
15
Let u(h) = h**3 + 6*h**2 + 7*h + 10. Give u(-5).
0
Let l(s) = s**3 - 6*s**2 + 10*s - 18. Determine l(5).
7
Let l(z) = 3*z**2 - z - 2. Determine l(-2).
12
Let w(h) = h**2 - 6*h - 45. Give w(11).
10
Let j(m) = -m**3 - 2*m**2 + 7*m + 11. What is j(-4)?
15
Let n(o) = o**3 - 8*o**2 + o - 8. Calculate n(8).
0
Let r(p) = 24*p - 183. What is r(8)?
9
Let n(p) = p**3 + 7*p**2 + 7*p - 2. What is n(-5)?
13
Let s(u) = 3*u - 6. Calculate s(0).
-6
Let l(p) = 73*p**2. Calculate l(1).
73
Let x(i) = -18*i**2 + 126*i + 8. Determine x(7).
8
Let q(r) = r**2 - r - 39. Determine q(-5).
-9
Let w(d) = -d**2 - 2*d + 9. Determine w(4).
-15
Let l(x) = -x**2 - 6*x - 11. Calculate l(-6).
-11
Let n(h) = h**2 - 6*h - 41. Give n(10).
-1
Let o(d) = -7*d**2 + 5*d + 1. What is o(2)?
-17
Let t(m) = 6*m**2 - 3*m + 1. Calculate t(2).
19
Let i(d) = -6*d**2 + 8*d - 2. What is i(2)?
-10
Let o(f) = -f**3. Determine o(-3).
27
Let i(d) = -d**3 - 39*d**2 - 37*d + 17. Calculate i(-38).
-21
Let y(c) = -c**3 + 5*c**2 + 10*c + 16. Give y(7).
-12
Let a(m) = -m**3 - 20*m**2 - 37*m + 25. What is a(-18)?
43
Let f(v) = 3*v**2 + 3*v - 2. Give f(-2).
4
Let i(s) = s**2 - 4*s - 5. Determine i(4).
-5
Let p(j) = j + 26. Calculate p(-14).
12
Let c(y) = -y**2 - 13*y + 7. What is c(-14)?
-7
Let n(g) = g**2 - 12*g + 10. Calculate n(1).
-1
Let b(i) = i**3 - 16*i**2 + 18*i - 34. Determine b(15).
11
Let z(s) = -2*s**2 - 24*s + 9. Calculate z(-12).
9
Let l(a) = a**2 + a - 11. Give l(-6).
19
Let r(q) = q**3 + 9*q**2 + 7*q - 18. Give r(-8).
-10
Let w(h) = 8*h**3 - 2*h**2 + 1. Give w(1).
7
Let b(z) = -5*z**2 - 4*z - 5. Determine b(-2).
-17
Let n(p) = p + 4. Determine n(-4).
0
Let q(l) = -l + 15. Give q(7).
8
Let l(k) = -4*k - 76. What is l(-22)?
12
Let z(q) = -21*q - 95. Give z(-5).
10
Let t(h) = -h**3 - 3*h + 1. Calculate t(-2).
15
Let p(a) = a**3 - 6*a**2 - 13*a + 42. Give p(7).
0
Let a(i) = i**2 - i + 8. Calculate a(-4).
28
Let v(n) = n**2 - 9*n + 5. What is v(9)?
5
Let x(m) = -2*m - 2. Give x(-2).
2
Let d(w) = -w**3 - 10*w**2 - w + 3. Determine d(-10).
13
Let g(u) = 2*u. Give g(5).
10
Let c(l) = -6*l**3 + 2*l**2 + 3*l + 2. Determine c(-1).
7
Let h(q) = 13*q**2 + 47*q - 4. Give h(-4).
16
Let l(c) = 2*c**3 + 2*c**2 + 4*c + 4. Determine l(-3).
-44
Let b(l) = 2*l + 10. What is b(-5)?
0
Let x(q) = q + 1. Determine x(-8).
-7
Let h(b) = -17*b + 189. Calculate h(11).
2
Let x(b) = -2*b**3 - 3*b - 1. Determine x(2).
-23
Let x(a) = 4*a**2 + 83*a - 13. Calculate x(-21).
8
Let h(t) = t**3 - 10*t**2 + 7*t + 4. Calculate h(9).
-14
Let o(g) = 11*g + 54. What is o(-12)?
-78
Let l(z) = z**3 + 5*z**2 - 3*z + 15. Calculate l(-6).
-3
Let p(u) = u**2 + 11*u + 3. What is p(-9)?
-15
Let r(y) = -2*y**2 + 25*y + 15. What is r(15)?
-60
Let d(n) = n**3 - 12*n**2 + 9*n - 2. Calculate d(11).
-24
Let x(w) = 4*w + 5. What is x(-4)?
-11
Let s(j) = -2*j + 11. Calculate s(11).
-11
Let n(q) = q**3 - q**2 - 2*q + 2. Determine n(2).
2
Let v(k) = -k**2 + 45. Give v(8).
-19
Let h(v) = 2*v**3 - 9*v**2 + 12*v + 5. Determine h(4).
37
Let p(b) = -b**3 + 29*b**2 + 13. Give p(29).
13
Let v(r) = -r**3 - 12*r**2 + 15*r + 28. What is v(-13)?
2
Let c(j) = -2*j**2 + 3*j - 17. Calculate c(7).
-94
Let p(k) = k**2 + 10*k - 11. Determine p(-10).
-11
Let c(n) = 4*n - 55. What is c(11)?
-11
Let j(a) = a**3 + 17*a**2 - a + 7. Give j(-17).
24
Let r(a) = 15*a - 232. What is r(16)?
8
Let a(z) = 2*z + 14. Calculate a(15).
44
Let c(z) = -z**2 + 15*z + 18. Give c(14).
32
Let w(x) = -x**3 + 2*x**2 + x - 4. What is w(3)?
-10
Let s(f) = -f**3 + 9*f**2 - f + 14. Calculate s(9).
5
Let q(f) = f**3 + 7*f**2 - f - 11. What is q(-7)?
-4
Let m(n) = n**3 - 4*n**2 - 4*n + 3. Calculate m(6).
51
Let d(n) = 7*n + 29. What is d(-6)?
-13
Let o(t) = -t**2 - 3*t - 8. Calculate o(-3).
-8
Let l(h) = -18*h**2 + h + 1. What is l(1)?
-16
Let c(k) = k**2 + 13*k - 61. What is c(4)?
7
Let s(j) = -j**2 - 10*j + 20. What is s(-12)?
-4
Let b(m) = 48*m + 55. Determine b(-5).
-185
Let b(d) = -8*d**2 - 96*d - 84. Determine b(-11).
4
Let i(k) = -9*k + 434. Give i(49).
-7
Let u(o) = -o**3 + 8*o**2 - o + 7. What is u(8)?
-1
Let a(k) = -2*k**2 - 23*k + 3. Calculate a(-12).
-9
Let a(y) = y**2 - 5*y + 2. What is a(2)?
-4
Let k(z) = -z**2 - 34*z + 40. Calculate k(-35).
5
Let q(o) = -o**3 - 6*o**2 - o + 2. Determine q(-6).
8
Let c(a) = -a**2 - 6*a + 1. Calculate c(-4).
9
Let v(y) = y - 25. Give v(17).
-8
Let t(u) = -4*u + 2. What is t(-2)?
10
Let j(n) = -23*n - 43. Determine j(-2).
3
Let u(z) = z**3 + 12*z**2 + 11*z + 12. What is u(-11)?
12
Let c(s) = -s**3 + 7*s**2 - 23*s + 60. Give c(5).
-5
Let p(o) = -o - 36. Calculate p(-9).
-27
Let o(i) = 2*i + 27. Determine o(0).
27
Let i(q) = -2*q - 86. What is i(0)?
-86
Let p(b) = -7*b**2 - 2*b - 2. What is p(-1)?
-7
Let n(c) = -c + 15. Determine n(3).
12
Let b(k) = 5*k + 94. Give b(-18).
4
Let a(w) = 11*w + 3. Determine a(-7).
-74
Let i(c) = -c**2 + 18*c + 43. What is i(0)?
43
Let c(i) = -i**3 + 10*i**2 - 11*i + 20. Determine c(9).
2
Let z(h) = h**2 - 265*h + 1547. Determine z(6).
-7
Let n(o) = -o**3 + 10*o**2 + 10*o - 2. Calculate n(11).
-13
Let i(w) = -w**3 - 2*w**2 + 5*w - 1. Give i(-4).
11
Let m(x) = x - 3. Give m(-19).
-22
Let j(a) = -2*a**2 